(u) = -2*u**2 - 3*u + 2. What is d(-3)?
-7
Let g(s) = -79*s**2 + s - 2. Calculate g(1).
-80
Let d(p) = -p**2 + 4*p + 18. Give d(-7).
-59
Let x(h) = -h**3 - 5*h**2 + 2*h + 2. Calculate x(-4).
-22
Let x(b) = -b**3 - 17*b**2 + 5*b - 21. Calculate x(-17).
-106
Let s(m) = m**3 - 6*m**2 + 17*m - 28. What is s(4)?
8
Let i(r) = -19*r + 1. Give i(1).
-18
Let j(h) = h**2 - 6*h + 2. Determine j(4).
-6
Let u(f) = -3*f - 44. Give u(-14).
-2
Let i(z) = 2*z**2 + 8*z + 9. Calculate i(-5).
19
Let s(r) = -5*r + 5. Give s(5).
-20
Let g(x) = -x**2 - 14*x + 34. Calculate g(-17).
-17
Let t(c) = c + 18. Determine t(-12).
6
Let p(h) = -h**2 + 2*h - 51. What is p(0)?
-51
Let z(r) = -r**3 + 10*r**2 + 5. Give z(10).
5
Let x(l) = -l**2 + 9*l + 105. Calculate x(17).
-31
Let y(q) = 2*q**3 + 20*q**2 - q + 19. Give y(-10).
29
Let x(l) = -2*l**3 + 26*l**2 - l - 1. Determine x(13).
-14
Let m(p) = p**2 - 4*p + 1. What is m(6)?
13
Let j(s) = s - 9. What is j(0)?
-9
Let l(o) = -2*o - 3. Determine l(1).
-5
Let o(b) = 10*b - 215. Determine o(22).
5
Let y(c) = -c + 46. Determine y(21).
25
Let t(k) = -k**3 - 5*k**2 - 4*k + 4. Give t(-3).
-2
Let p(d) = -2*d**2 + 7*d + 12. Determine p(6).
-18
Let w(o) = -o - 27. Give w(-15).
-12
Let k(g) = g**2 - 6*g + 18. What is k(6)?
18
Let s(k) = 19*k**2 + 7*k - 6. Calculate s(1).
20
Let t(h) = 43*h - 7. Give t(2).
79
Let f(d) = d**2 - 13*d + 17. Determine f(9).
-19
Let g(f) = -3*f**2 + 2*f - 4. Calculate g(2).
-12
Let v(r) = r**3 + 3*r**2 - 14*r - 1. Calculate v(-5).
19
Let u(b) = -b**3 + 40*b**2 - 38*b - 43. Determine u(39).
-4
Let u(x) = -2*x**3 + 7*x**2 - 2*x + 1. Give u(2).
9
Let s(j) = 13*j - 2. What is s(1)?
11
Let d(f) = 3*f**3 + 3*f**2 + 2*f + 2. Give d(-2).
-14
Let j(p) = -p**2 + 2*p + 5. What is j(6)?
-19
Let d(g) = g**3 - 11*g**2 - g + 15. Give d(11).
4
Let k(s) = -4*s + 1. Determine k(-2).
9
Let n(x) = x**3 - 4*x**2 - 3*x + 6. Determine n(4).
-6
Let q(w) = w**3 - 3*w**2 - 10*w + 7. Calculate q(6).
55
Let y(j) = -j**2 - 20*j + 10. What is y(-20)?
10
Let w(l) = l**3 + 3*l**2 + 2*l + 3. Give w(-2).
3
Let p(l) = 37*l**3 - l**2 + l + 1. Give p(1).
38
Let c(y) = -y - 6. Calculate c(-3).
-3
Let r(f) = f - 57. Give r(0).
-57
Let z(h) = -h**2 + 11*h - 19. Give z(8).
5
Let g(m) = m**2 - 59*m + 3. Calculate g(0).
3
Let v(d) = d**2 + 14*d - 1. Determine v(-14).
-1
Let g(n) = n**2 - 7*n - 86. Determine g(-6).
-8
Let h(q) = -16*q**3 + 4*q**2 + q - 1. Calculate h(-1).
18
Let t(a) = -2*a**2 - a + 6. What is t(3)?
-15
Let u(n) = 4*n + 7. What is u(5)?
27
Let a(m) = -3*m - 28. Determine a(-9).
-1
Let c(g) = 16*g**2 + g + 2. What is c(-3)?
143
Let u(a) = 4*a + 7. What is u(-2)?
-1
Let l(g) = g**3 - 5*g**2 - 4*g + 4. Determine l(4).
-28
Let c(r) = r**3 - 4*r**2 - 2*r + 7. What is c(3)?
-8
Let o(u) = -u**2 - 4. Calculate o(0).
-4
Let c(v) = -v**3 - 15*v**2 - 13*v + 14. What is c(-14)?
0
Let g(h) = -h**2 + 5. Determine g(0).
5
Let g(l) = -5*l - 3. Give g(3).
-18
Let v(f) = -25*f**2 + 5*f - 3. Determine v(2).
-93
Let k(q) = -2*q**3 + 13*q**2 + 27*q - 20. Determine k(8).
4
Let n(z) = -z**2 - 19*z + 20. Calculate n(-17).
54
Let w(l) = l - 8. What is w(-4)?
-12
Let a(o) = o - 5. Give a(9).
4
Let b(j) = -27*j + 244. Calculate b(9).
1
Let o(d) = -2*d - 36. Give o(-17).
-2
Let r(j) = j**3 - 3*j**2 - 7*j - 1. Give r(-2).
-7
Let d(r) = -15*r + 18. What is d(2)?
-12
Let q(p) = -p**3 - 18*p**2 - 14*p + 2. Give q(-17).
-49
Let g(b) = b - 5. Calculate g(0).
-5
Let j(m) = 7*m - 3. Give j(1).
4
Let b(n) = -n**3 - 18*n**2 + 18*n - 17. Calculate b(-19).
2
Let u(t) = -t**2 + 9*t + 6. Calculate u(6).
24
Let f(b) = 20*b + 174. Calculate f(-8).
14
Let l(f) = 12*f**3 + 1. Give l(1).
13
Let u(x) = x**2 + 7*x + 10. Calculate u(-5).
0
Let h(k) = k**2 + 7*k + 1. Give h(-3).
-11
Let y(k) = -4*k - 46. Give y(-11).
-2
Let g(m) = m**2 - 7*m - 31. Determine g(-4).
13
Let f(k) = -2*k**3 + 11*k**2 - 3*k - 6. What is f(5)?
4
Let p(b) = 2*b**3 - 2*b**2 + 1. Calculate p(-1).
-3
Let p(d) = d**3 - 7*d**2 + 5*d + 6. Give p(6).
0
Let d(p) = -3*p**2 - 9*p - 17. Determine d(-5).
-47
Let u(o) = 19*o - 39. Calculate u(2).
-1
Let i(s) = -s**2 + 101. Calculate i(10).
1
Let j(z) = -6*z - 2. Calculate j(-2).
10
Let q(x) = 5*x - 33. Give q(15).
42
Let c(p) = -26*p - 6. Give c(-2).
46
Let r(n) = n + 16. Determine r(-12).
4
Let x(z) = -2*z**2 - 23*z - 23. Determine x(-11).
-12
Let c(q) = q**3 - 7*q**2 + 3*q + 4. What is c(6)?
-14
Let m(z) = z**2 - 11*z + 14. Determine m(7).
-14
Let d(p) = 12*p**2 + 6*p + 7. What is d(-2)?
43
Let c(p) = p - 21. Calculate c(4).
-17
Let k(o) = -o**2 - 8*o + 25. Give k(3).
-8
Let t(k) = k**2 + 46*k - 171. Calculate t(-49).
-24
Let f(r) = -2*r**2 - 12*r - 8. Give f(-6).
-8
Let t(o) = -4*o - 45. Calculate t(-8).
-13
Let r(u) = u**3 + 5*u**2 - 19*u - 46. What is r(-7)?
-11
Let q(m) = m**3 + 37*m**2 + 3*m + 85. Determine q(-37).
-26
Let x(s) = -7*s**3 - 3. Calculate x(-2).
53
Let y(d) = d**2 + 16*d - 1. Calculate y(-11).
-56
Let u(x) = -2*x**2 + 20*x - 2. Determine u(10).
-2
Let j(o) = o**2 - 5*o - 3. Calculate j(4).
-7
Let v(o) = -o**2 + 56*o - 53. What is v(1)?
2
Let d(k) = -k**3 - k**2 + 2*k + 3. Determine d(-3).
15
Let i(w) = -10*w - 4. What is i(2)?
-24
Let s(w) = -2*w**2 - 16*w - 6. Calculate s(-12).
-102
Let k(f) = 7*f - 1. Determine k(-5).
-36
Let m(x) = 4*x + 10. What is m(-9)?
-26
Let y(t) = -t**2 + 12*t + 19. Give y(13).
6
Let d(q) = q**2 + 18*q + 34. Calculate d(-15).
-11
Let i(a) = -2*a**3 + a**2. What is i(2)?
-12
Let b(p) = p**2 - 45*p + 223. Determine b(6).
-11
Let x(f) = 49*f + 2. What is x(1)?
51
Let s(j) = j**2 - 11*j + 8. Give s(10).
-2
Let k(x) = 8*x**2 + 57*x. Determine k(-7).
-7
Let y(u) = -u**2 + 4*u - 3. Determine y(3).
0
Let j(z) = 6*z**2 + 2*z + 1. Give j(-2).
21
Let z(g) = g**2 - 5*g - 6. Calculate z(9).
30
Let i(c) = 4*c**2 - 106*c - 51. Determine i(27).
3
Let s(n) = -2*n - 1. Calculate s(1).
-3
Let j(d) = d**3 - 14*d**2 - 34*d + 28. Give j(16).
-4
Let q(j) = -2*j**2 + 3*j + 5. What is q(-4)?
-39
Let w(h) = h**2 + 3. Calculate w(4).
19
Let s(n) = -n**3 + 13*n**2 + n + 7. What is s(13)?
20
Let f(u) = -u**3 + 22*u**2 - 23*u + 42. Determine f(21).
0
Let p(n) = 2*n**2 - 13*n - 3. Give p(7).
4
Let b(k) = k**3 + 6*k**2 - 16*k + 7. Give b(-8).
7
Let f(a) = 10*a**2 + 2*a + 1. What is f(-1)?
9
Let m(o) = -4*o**2 + 18*o + 33. What is m(-2)?
-19
Let y(u) = 16*u**2 + u - 1. Calculate y(-1).
14
Let i(t) = 2*t**2 - 3*t - 39. Determine i(-5).
26
Let b(p) = 26*p - 9. What is b(1)?
17
Let i(q) = -q - 110. Give i(0).
-110
Let p(m) = -2*m**2 + 7*m + 7. Give p(4).
3
Let r(i) = 15*i + 391. Calculate r(-28).
-29
Let f(x) = x**2 + 20*x + 76. What is f(-14)?
-8
Let h(g) = -g - 1. Calculate h(-8).
7
Let y(i) = -2*i**2 + i - 3. What is y(4)?
-31
Let j(g) = -g**3 - 8*g**2 + 7*g + 8. Give j(-9).
26
Let i(a) = -6*a**2 - 8*a + 7. Determine i(-3).
-23
Let v(y) = -2*y**2 + 11*y + 8. Calculate v(7).
-13
Let j(q) = q**2 - 17*q + 39. Give j(14).
-3
Let j(m) = -12*m - 12. Give j(-3).
24
Let l(k) = k**2 + 19*k + 8. Determine l(-14).
-62
Let q(p) = -2*p**2 + 3*p - 5. Determine q(2).
-7
Let p(i) = i + 3. Calculate p(13).
16
Let d(l) = -l**3 + l**2 + 5*l - 5. What is d(4)?
-33
Let t(u) = -4*u - 55. Determine t(-14).
1
Let c(x) = x**2 + 7*x + 9. What is c(-9)?
27
Let o(b) = 11*b**3 + 11*b - 11. What is o(1)?
11
Let v(c) = -c**2 - 8*c - 7. Calculate v(-6).
5
Let n(z) = 3*z**2 - 22*z - 79. Give n(10).
1
Let o(u) = u**3 - 7*u**2 - 10*u - 57. Give o(9).
15
Let d(u) = -68*u + 7. What is d(-2)?
143
Let k(q) = q**2 + 2*q - 22. Give k(-5).
-7
Let u(l) = -l**2 + 8*l - 7. What is u(6)?
5
Let k(h) = -h + 2. Give k(5).
-3
Let l(i) = -47*i. Calculate l(-1).
47
Let b(u) = u**2 - 3*u + 22. Give b(5).
32
Let g(d) = 14*d - 72. Determine g(5).
-2
Let u(o) = 4*o**2 + 20*o + 2. Give u(-6).
26
Let d(w) = -23*w**2 + w + 6. Give d(-2).
-88
Let r(t) = -t**3 - 10*t**2 - 8*t - 3. What is r(-9)?
-12
Let i(l) = l**2 + 19*l + 45. Calculate i(-14).
-25
Let z(j) = -j**2 + 14*j - 1. What is z(16)?
-33
Let p(j) = j**3 - 18*j**2 + 16*j + 19. Give p(17).
2
Let r(h) = 2*h + 5. Determine r(-5).
-5
Let x(o) = -92*o + 371. What is x(4)?
3
Let a(v) = -v**3 - 9*v**2 - 6*v + 15. Calculate a(-8).
-1
Let h(n) = n**3 - 11*n**2 + 3*n - 1. Give h(10).
-71
Let v(j) = -5*j - 38. Calculate v(-8).
2
Let k(n) = 4*n + 127. What is k(-30)?
7